be -1 - (0 + s + -1). Let p = 25 - t. What is the units digit of p?
7
Let k(t) = 2*t**2 - 10*t + 8. Let b(h) = -h + 3. Let s be b(-2). Suppose 0 = s*f - 0*f - 35. What is the tens digit of k(f)?
3
Let d(r) = 2*r**2 - 4*r - 1. Let q be d(3). Let s = q + -26. Let x = 8 - s. What is the units digit of x?
9
Let p(q) = -q**2 + q. Let i be p(6). What is the units digit of (-1)/(-3) + (-1760)/i?
9
Let l(c) = c + 7. Let u be l(0). Suppose -4 = -u*t + 3*t. What is the units digit of -3 - -3 - (t - 8)?
7
Suppose -2*q + 134 = 3*q + i, 4*i - 42 = -q. What is the tens digit of (-4)/q + (-1642)/(-26)?
6
Let k(t) = -t**2 - 51*t + 116. What is the units digit of k(-34)?
4
Let u(x) = -x - 2*x + 5*x + 229*x**2 - 225*x**2 - 2. Let p = 2 + 1. What is the tens digit of u(p)?
4
Let i = -3423 - -2307. What is the hundreds digit of i/(-10) + (-38)/(-95)?
1
Let h(f) = 6*f + f**3 - 2*f**3 + 179*f**2 - 180*f**2 + 9. What is the units digit of h(-3)?
9
Let x = 1688 - 944. What is the units digit of x?
4
Suppose 0 = 11*s - 5945 - 7794. What is the hundreds digit of s?
2
Let o(k) be the third derivative of k**6/120 + 7*k**5/60 + 2*k**3/3 + 2*k**2. Let v be o(-7). Suppose 68 + 24 = v*w. What is the tens digit of w?
2
Let q = -816 + 1204. Let m = 612 - q. What is the units digit of m?
4
What is the units digit of (-30)/18*3/4*-396?
5
Let z(h) = 19*h - 1. Let v be (-1 - 2) + (5 - 3). Let c be z(v). Let l = 40 + c. What is the tens digit of l?
2
Let c = 574 - 344. Suppose -h - 4*p = -3*h + c, -2*h - p + 250 = 0. What is the tens digit of h?
2
What is the tens digit of (-23842)/(-126) - (-4)/(-18)?
8
Let g = 574 + -341. Suppose 2*t = 2*p + 94, -5*t + 7 + g = -4*p. What is the units digit of t?
2
Suppose -5*u = -p + 379, 2*u + 234 = p - 151. What is the hundreds digit of p?
3
Suppose -15*l + 13*l + 48 = 0. Let i be (-11)/(-3) + 8/l. Suppose 3*n = 2*n - 5, 3*u - i*n - 95 = 0. What is the units digit of u?
5
Let v be 4/(-8)*(1 - 3). Let a(n) = n**3 - 7*n**2 + 8*n + 1. Let j be a(6). Let u = v + j. What is the tens digit of u?
1
Let f be (-1)/4*2*-876. Suppose 3*h = 9*h - f. What is the units digit of h?
3
Let x(s) be the first derivative of 29*s**2/2 - s + 2. Let a be x(1). Let p = a + -20. What is the units digit of p?
8
Let f = -28 + 32. Suppose -16 = 4*w, -2*w + 19 = f*b - 21. Suppose b = -q + 4*q. What is the units digit of q?
4
Let f = -99 - -325. Suppose 5*s + 3*u = f, -3*u = -4*s + 95 + 102. What is the units digit of s?
7
Let f(s) = -s**3 + 9*s**2 - 7*s - 7. Let b be f(8). Suppose -2 = c + 2*i, -4*c + 0*i = i + b. What is the units digit of 37 - 4/(c + -4)?
8
Let m = 19 + -17. What is the units digit of (2 + -3 - -135)/m?
7
Let z = 21 - 39. Let o = z + 18. Suppose 5 = 2*p + 5*r - 99, 5*p - r - 287 = o. What is the units digit of p?
7
Let x be ((-4)/(-10))/(8/40). Suppose x*h + 4*h - 54 = 0. What is the units digit of h?
9
Suppose 3*t = 19519 - 2905. What is the tens digit of t?
3
Suppose v - 6*r = -r + 470, -3*r - 464 = -v. Suppose -4*u + v = u. What is the tens digit of u?
9
Let h(o) = 2 - o**3 - 4 + 0*o + 2*o**3 - 3*o. Let m be h(-1). Suppose m*l - 5*l - t + 61 = 0, l - 9 = -t. What is the units digit of l?
3
Let l be (-3)/(-2)*(-14)/(-21). What is the units digit of l + 50 + -2 + 3?
2
Let w(f) be the second derivative of -f**3/6 + f**2/2 + 5*f. Let k be w(-6). Suppose -3*i - 84 = -k*i. What is the tens digit of i?
2
Suppose -4*x + 3*j + 0*j + 14821 = 0, -5*x + 18535 = -2*j. What is the thousands digit of x?
3
Let w = -562 - -1095. What is the tens digit of w?
3
Let w = 4 - 13. Let c = w - -27. Suppose -2*t + c + 26 = 0. What is the tens digit of t?
2
Let s(c) = c**2 - c - 3. Suppose 5*r = 2*r + 24. Suppose -x - 3 = 2*m, -4*x + 5*m - r = -35. What is the units digit of s(x)?
3
Let l = -8 - -10. Suppose 0 = 2*s + l*u - 36, -4*s - 4*u = -9*u - 63. Suppose -s = -q - n, 0*n + 3*n + 9 = q. What is the units digit of q?
5
Suppose 2*k + 3*q + 280 = 10571, 4*q + 15428 = 3*k. What is the hundreds digit of k?
1
Let j(a) = -a**3 + 14*a**2 + 4*a - 16. Let s be j(8). Suppose -2*c = -5*u + 482, -u + s = 3*u + 2*c. What is the units digit of u?
8
Suppose -15*g = -7*g - 2696. What is the hundreds digit of g - ((-1 - -4) + -5)?
3
Suppose -30*f + 45*f - 40005 = 0. What is the hundreds digit of f?
6
What is the thousands digit of 2 + 6831/165*(-2 + 67)?
2
Let r = 15 + -9. Suppose -3*u = -3*y + 7 + 2, -2*u - 2 = 0. Suppose -3*p - r = 0, 0*n = -2*n - y*p + 62. What is the tens digit of n?
3
Let n be (21/(-7) - -5)*(-4)/(-2). Suppose -84 = -0*g - n*g. What is the tens digit of g?
2
Let b(q) = 2*q**2 - 2*q. Let j be b(2). Let p be (-348)/36 + j/6. Let i = -7 - p. What is the units digit of i?
2
What is the hundreds digit of 2019 + (-2 + 10 - 9)?
0
Suppose -a + 776 = 4*q, -4*a + q + 4360 = 1205. What is the tens digit of a?
8
Suppose 2*d + 2*d = -2*m + 4, -24 = -4*m - 4*d. Suppose -8 = -3*l - 4*o, 9*o = m*o + 4. What is the units digit of l?
8
Let f be 3 - (2 - 3)*1. Suppose -f*y + y = 42. Let q = 18 + y. What is the units digit of q?
4
Suppose -12 = -2*q - 2. Let s(m) = -2*m + 10*m - q + 3 - 6. What is the units digit of s(7)?
8
Let v be ((-20)/(-6))/(4/42). What is the units digit of (7/5)/(1/v)?
9
Let s = -603 + 1352. Suppose -s + 2315 = 9*o. What is the units digit of o?
4
Let w = -3 - -15. Suppose w*y + 738 - 2238 = 0. What is the hundreds digit of y?
1
Suppose 83*l - 249591 = 187653. What is the hundreds digit of l?
2
What is the tens digit of (-2)/8 - 1818/(-8)?
2
Let a(v) = v**3 + 24*v**2 - 27*v. What is the tens digit of a(-25)?
5
Suppose 0 = -3*g + c - 5*c - 16, 2*g - 1 = -5*c. Let n be ((-1)/1)/(4/g). What is the units digit of 110/n - 4/6?
6
Let q = 4271 - 528. What is the thousands digit of q?
3
Suppose -5*s + 10 = -3*f, -5*f + s + 5 = -3*f. Suppose -3*o + 10 = -f*o, 66 = 2*i + 2*o. What is the tens digit of i?
3
Suppose 0 = -4*y + 5*y, 2*s = -y + 3704. What is the thousands digit of s?
1
Let m be ((-492)/(-18))/((-4)/(-6)). Suppose 3*p + 4*d - 58 = 0, d = -2*p + m + 1. Suppose p = a - 6. What is the units digit of a?
8
Suppose -5*z + 12 = -33. Let p(g) = g**2 - 4*g - 29. What is the units digit of p(z)?
6
What is the hundreds digit of 0 + 63064/72 - 3/(-27)?
8
Let f(x) = 2*x**3 - 27*x**2 + 5*x + 8. Let q be f(13). Let i = q + 101. What is the units digit of i?
5
Suppose 0 = -7*d - 2*d - 180. Let k be (-20)/12 + (-6)/(-9). What is the units digit of ((-232)/d)/(k/(-5))?
8
Let a = -11 - -16. Let v(o) = 14*o - a*o - 8*o + 8 + 13. What is the units digit of v(0)?
1
Suppose 8*y + 69 + 371 = 0. Let q = -5 - -3. What is the tens digit of (99/y)/(q/20)?
1
Suppose k = -k - 64. Let z = -17 - k. What is the units digit of z?
5
Let r = 2196 + -698. What is the units digit of r?
8
Let j = 309 - 131. Let d = 259 - j. What is the tens digit of d?
8
Let m = 21 - -22. What is the units digit of m?
3
Let w(h) = -39*h + 41. What is the hundreds digit of w(-11)?
4
Let x(g) = g**3 + 7*g**2 - 7*g + 8. Let i be x(-8). Suppose -5*h + 217 = -3*j, i = -h - 2*j + 15 + 18. What is the tens digit of h?
4
Suppose -8*p + 5*p = -5*r + 50, 3*r + 2*p - 11 = 0. Suppose 4*s = -q + 224, -r = 3*s - 22. What is the hundreds digit of q?
2
Let o(d) = d**3 + 3*d**2 - 8*d + 13. Let l be o(-5). Suppose 442 = 3*j - 5*h, -5*j - 155 = -l*h - 897. What is the units digit of j?
9
Let t(d) = 4*d**3 - 9*d**2 - 31*d + 57. What is the tens digit of t(8)?
8
Let n(j) = j**2 + 14*j + 12. Let m be n(-13). What is the hundreds digit of (-2 - -2 - -2 - m) + 237?
2
Let u = 2405 + -1101. What is the hundreds digit of u?
3
Let a = -72 + 324. What is the hundreds digit of a?
2
Let z(m) be the second derivative of -17*m**3/3 - 9*m**2/2 + 45*m. What is the units digit of z(-1)?
5
Suppose i - 31 = -5*j, 2*i - 182 = -3*i + 2*j. Suppose -9 = 3*g - i. What is the units digit of g?
9
Let h(t) = -t + 8. Let g be h(-14). Let l = 30 - g. What is the units digit of l?
8
Suppose -4*j = 5*j. Suppose 3*r + l + l - 75 = j, 5*r + 4*l = 127. What is the units digit of r?
3
Let o(i) = -7*i - 22. Let s(n) = 13*n + 43. Let p(f) = 5*o(f) + 3*s(f). Let c be p(-6). Let d(w) = w**2 + w + 8. What is the tens digit of d(c)?
2
Suppose 6*o - 133 = 5*o. Let x = 249 - o. What is the units digit of x?
6
Let p(a) = -73*a - 30. Let k be p(-5). Let u = k - 142. What is t